 x, 0 - 16 = v + 5*g. Calculate m(v).
-1
Let a(b) be the third derivative of 0 + 0*b - 1/120*b**6 - 1/2*b**3 + 13*b**2 - 1/30*b**5 - 1/12*b**4. What is a(-2)?
1
Let n(f) be the first derivative of f**2 - 9*f - 72. Determine n(-7).
-23
Let a be 15 + -14 - 1*(2 + -1). Let s(y) = -5*y + 5*y**2 + y**3 - 141 + 142 + a*y**3. Determine s(-6).
-5
Let r(o) = -o**2 + 2. Suppose -3*s + u + 7 = 0, 5*s + 3 = -2*u - 0*u. Suppose 0 = 5*f - 0*f + 25. Let m = f + s. Give r(m).
-14
Suppose 9*n - 36 = 6*n. Suppose 4*o - n = -2*o. Let t(m) = 6*m**3 + 22 - 23 + 5*m**3 - 3*m**2 + m**o - 2*m. Calculate t(-1).
-12
Let t(g) be the third derivative of g**5/60 + 13*g**4/24 - g**3/3 - 3*g**2 + 9. Calculate t(-11).
-24
Let f(a) = -a**2 - 10*a - 22. Let z be f(-6). Let q(w) = -w**2 + w. Give q(z).
-2
Let i(l) = -l**2 + l + 9 + 1 - 9*l + 0*l + 4*l. Calculate i(-6).
-2
Let j be -15*((-32)/4 + 252/30). Let c(q) = -6*q - 27. Determine c(j).
9
Let n(t) = -7*t + 1. Suppose 2454*p - 3 = 2451*p. Determine n(p).
-6
Let k(q) = q**3 - q**2 - q + 4. Let f(t) = 4*t**2 - t**2 + t - 2*t**2 - 6 - 2*t**2. Let b(i) = i - 1. Let r(m) = -6*b(m) + f(m). Let z be r(-5). What is k(z)?
4
Let s(z) = -2*z**2 + 5*z - 4. Let c be (0 - (-144)/(-12))*2/(-8). What is s(c)?
-7
Let u be (1 - (-3)/(-6))*146. Let w = -77 + u. Let n(f) = 3*f - 4. What is n(w)?
-16
Suppose 2*x - 24 = 16. Suppose -4*y + 39 = -3*n + 17, -5*n + 10 = 5*y. Suppose y*r - x = g, g = -2*r + 12 - 2. Let o(f) = f**2 - 3*f + 5. What is o(r)?
15
Let m(j) = 9*j**3 - j**2 + 1. Let d = 91 - 115. Let g be d/36 - (-10)/6. Give m(g).
9
Let x(i) be the second derivative of -i**5/60 - i**4/8 + 9*i**2 - 5*i. Let h(a) be the first derivative of x(a). Calculate h(-3).
0
Let y(s) = -s**3 + 5*s**2 - 1. Let l be 2/(-5) - 6/(-15). Let b(r) = -r**3 - 2*r + 16. Let o be b(l). Let j = o + -11. What is y(j)?
-1
Let o(y) = -y - 1. Let b(d) = -d**3 + 2*d**2 - 8*d - 1. Let a(s) = s**3 - 3*s**2 + 7*s. Let l(q) = -3*a(q) - 2*b(q). Let m be l(3). Determine o(m).
-6
Let j(v) be the first derivative of -v**3/3 - 5*v**2/2 - 3*v + 280. Determine j(-6).
-9
Let p be (-11 + -1)*((-70)/15)/(-14). Let u(g) be the second derivative of 1/12*g**4 - 2*g + 0 + 2/3*g**3 - 1/2*g**2. What is u(p)?
-1
Let p(r) = r**2 - 12*r + 1. Suppose -3*z - 3*j + 42 = 0, -z + 8 = -6*j + 4*j. Give p(z).
1
Suppose -28*y + 10*y + 18 = 0. Let i(x) = 12*x**2. Give i(y).
12
Let a(t) = t. Let r be a(6). Let m(y) = -8*y**2 + y**3 + 19 - y - 9 + r*y. Suppose 3*q + 2*q - 35 = 0. Give m(q).
-4
Suppose 19*y = 23*y - 8. Suppose -2*l + 12 = -0*l - y*r, -r + 22 = 3*l. Let u(j) = -j + 3. Give u(l).
-4
Let j(x) = 3*x + 6. Suppose -q = f - 2, 0 = -q + 3*q - 3*f - 14. Suppose 3*l + 4*k - q = 0, -4*k + 2 = 2*l - 6. What is j(l)?
-6
Let k = 18 + -17. Let m be k/(-4) - (-12)/48. Let b(f) = f**2 + f - 6. What is b(m)?
-6
Let f(r) = 3*r - 14. Let g(n) = n - 5. Let k(y) = 6*f(y) - 17*g(y). Let v be k(2). Suppose -3*c - 2 = -c, -v*l = -c + 17. Let w(b) = -b**2 - 8*b - 7. Give w(l).
5
Suppose -39 + 11 = 4*b. Let t(o) = -o**3 - 8*o**2 - 5*o + 10. Calculate t(b).
-4
Let c(f) = f**3 - f**2 - 43*f**3 + 43*f**3 + 4. Calculate c(0).
4
Suppose -4*u + 4 = 2*o + 16, 6 = 2*u - 5*o. Let y = 1 - u. Let i(p) = 3 + 4*p**2 - 2 - 7*p - y*p**2 + 2. Calculate i(3).
-9
Let n(t) = -t + 7. Let p = 7 - 2. Suppose 2*b - 2 = 8. Suppose -p = -b*c - x - 3*x, 5*c = x + 30. Give n(c).
2
Let c(i) be the second derivative of 0*i**3 + 0 + 0*i**2 + 1/12*i**4 - 13*i. Calculate c(-3).
9
Let w(u) = -u**3 - 7*u**2 - 7*u - 3. Let g be (-133)/(-35) - (-1)/5. Let p(m) = -m + 11. Let s be p(g). Let h = s - 13. Determine w(h).
3
Let c(k) = k**3 - k**2 - 5*k + 1. Suppose 5*q + x = 10, -14*x - 32 = -4*q - 10*x. Give c(q).
4
Let h(m) be the second derivative of -m**3 - m**2 - 15*m + 4. Determine h(3).
-20
Suppose 3*r = 23 - 35. Let v(i) = -2*i**2 - 6*i + 3. Determine v(r).
-5
Suppose 66*g = 143*g + 308. Let x(c) = -c**2. Let u(l) = -l**3 - 10*l**2 - 3*l - 5. Let b(o) = -u(o) + 6*x(o). Give b(g).
-7
Let i(u) be the second derivative of 1/20*u**5 + 1/6*u**4 + 0 + 1/3*u**3 + 15*u + u**2. Determine i(-3).
-13
Suppose 0 = 2*x - 4 - 0. Let g(o) = -7*o - 5*o + 11*o - 5*o + o**x. Determine g(4).
-8
Let q(y) = 7*y + 4. Let w = -167 - -118. Let l(n) = -84*n - 49. Let z(k) = w*q(k) - 4*l(k). Give z(-2).
14
Let x be (-1 + 6 + -6)*-3. Let z(c) = 2*c + 3. Give z(x).
9
Let s = 1069 - 1083. Let i(y) = -y**3 - 13*y**2 + 14*y + 1. Calculate i(s).
1
Suppose -2*f + 0*w + 18 = -3*w, -4*f + 4*w = -28. Let t(s) = 3*s**2 + 15*s + 13. Let b be t(-4). Let c(n) = 7 - f + b - n - 2. Give c(4).
-1
Let p be -3*(340/(-12))/(-5). Let a = 12 + p. Let n(y) = -y**2 - 5*y - 4. Determine n(a).
-4
Let b(z) = 5*z**3 - z. Suppose -5 = q - 7. Suppose -2*k = -0*k + 5*s - 7, 4*s - 2 = q*k. Calculate b(k).
4
Suppose 231 + 3 = 18*p. Let q(m) = 2*m**2 - 28*m + 18. What is q(p)?
-8
Let t(j) be the first derivative of -2*j**3/3 + j**2/2 - j - 65. Determine t(2).
-7
Let i(h) = h**2 + h - 1. Let m be i(0). Let x(r) = r + 5. Let y(w) be the first derivative of -3*w - 2. Let t(v) = -3*x(v) - 5*y(v). Calculate t(m).
3
Let a(t) = -102*t**2 + 15*t + 39. Let u(r) = -37*r**2 + 5*r + 13. Let l(h) = 4*a(h) - 11*u(h). Calculate l(11).
-53
Let b(o) be the third derivative of -o**6/120 - o**5/30 + o**4/12 + o**3/3 - 8*o**2. Give b(-2).
-2
Let h(u) be the second derivative of -u**8/6720 - u**7/630 + u**6/180 + u**5/120 + 5*u**4/6 + u. Let y(o) be the third derivative of h(o). Give y(-5).
6
Let k(u) = u + 367*u**3 - 4 - 2*u**2 - 368*u**3 + 3*u. Let f = 1 + 2. Suppose -5*c = -2*w + 30, -3*c + 6*c - f*w + 27 = 0. Give k(c).
12
Let j(r) be the second derivative of r**4/12 + 7*r**3/6 - r**2 + 320*r. Give j(-7).
-2
Suppose -15 + 72 = 3*f. Suppose -4*z = 3 - f. Let h(d) = -d + 1. Let u(c) = -3*c + 4. Let s(w) = -6*h(w) + u(w). Determine s(z).
10
Let g = 1731 - 1731. Let i(q) = 2*q - 15. Give i(g).
-15
Suppose -2*h = -7*h. Suppose -2*o + 6 = l - h*l, l = 4*o - 6. Let a(r) = -7*r**3 - 3*r**3 + 9*r**2 - 8*r**o. Calculate a(-1).
11
Let m(w) be the first derivative of w**6/120 + w**5/60 - w**4/24 + w**3/6 + 5*w**2 + 44. Let u(q) be the second derivative of m(q). Give u(1).
2
Let t(m) = -5 + 12 - m - 8. Suppose -31 = -16*b - 15*b. Determine t(b).
-2
Let r(a) = -a - 10. Let q(b) = -b**3 + 13*b**2 - b + 6. Let k be q(13). Determine r(k).
-3
Let k be 3 - -4*(-39)/12. Let v(h) = -5*h + 9. Let m(n) = -3*n + 5. Let g(o) = 7*m(o) - 4*v(o). What is g(k)?
9
Let n(v) = -6*v. Let x(g) = -8 + 18 - 11 - 3*g**3. Let q be x(1). Let c(h) = -2*h - 9. Let d be c(q). Calculate n(d).
6
Suppose 4*s + 3*a = -2*a - 39, -a = -s - 3. Let d(c) = c + 12. Determine d(s).
6
Suppose -d = -12*d - 55. Let b(f) = -f**3 - 6*f**2 - 6*f - 4. Calculate b(d).
1
Let b(s) = -s**2 + 9*s - 8. Let h(o) = o + 1. Let v be h(-1). Let y be 11/1 + v + -4. What is b(y)?
6
Let w(n) = n**2 + 8*n - 2. Let j(g) = -g**2 - 9*g - 12. Let r be j(-7). Suppose -r*h = s - 2, 4*s + 0*s + 5*h + 7 = 0. What is w(s)?
-2
Let k(m) = -3*m**2 - m - 1. Let x(w) = 13*w**2 + 4*w + 1. Let o(c) = 4*k(c) + x(c). Calculate o(3).
6
Let t(p) = 2*p + 10. Suppose 2*i + 41 - 35 = 0. Give t(i).
4
Let t(b) = b**2 + 4*b - 16. Suppose 0 = d + a + 17 - 7, -4*d + 5*a = 22. Determine t(d).
16
Let i(q) = q**3 - 4*q**2 + 5*q - 3. Let p be (-1)/1*(-2 + 2). Suppose 3*b = 2*f + 37, -4*b + 2*b = 4*f - 46. Suppose p*c + b = 5*c. Calculate i(c).
3
Let b = 1309 + -1315. Let a(g) = -g**2 + 3*g + 9. What is a(b)?
-45
Let r(i) = -i. Let k(j) = 8*j + 103. Let l be k(-12). Calculate r(l).
-7
Suppose 0 = 2*q - 4 - 6. Suppose -2*n - 3 = q*l - n, -5*n - 15 = -3*l. Let y(x) = x + 9. Give y(l).
9
Let w(f) = -2*f**2 - 2*f - 2. Suppose -3*v - 2*v + 10 = 0. Suppose v*i + 8 = 2. Let x be (-3 + -1)*i/(-6). What is w(x)?
-6
Let u(i) = -4*i - 53. Suppose 2*n + z + 18 = 4*z, 0 = -4*n + 5*z - 38. Let o be u(n). Let r(y) = -y**2 - 3*y - 2. Calculate r(o).
-12
Suppose 0 = -62*k + 72*k. Let i(j) be the third derivative of k*j + 0 - 1/20*j**6 - 3*j**2 - 1/60*j**5 - 1/6*j**3 - 1/24*j**4. What is i(-1)?
5
Let t(g) = -2*g - 5. Let y = -44 - -230. Suppose -5*r - 3*o = y, r + 5*o + 52 - 6 = 0. Let p = r + 32. What is t(p)?
3
Let s(h) = -h**2 + 7*h - 7. Let g be ((-1)/2)/((-6)/(-24)). Let j = -4 + g. Let a be 3/j - 26/(-4). What is s(a)?
-1
Let l(d) be th